{"id":1484,"date":"2022-10-12T16:23:10","date_gmt":"2022-10-12T14:23:10","guid":{"rendered":"https:\/\/positivity-consulting.pl\/index.php\/produkt\/album\/"},"modified":"2022-11-14T06:20:35","modified_gmt":"2022-11-14T04:20:35","slug":"szkolenie-pit2","status":"publish","type":"product","link":"https:\/\/positivity-consulting.pl\/index.php\/product\/szkolenie-pit2\/","title":{"rendered":"Szkolenie PIT 2"},"content":{"rendered":"<ul>\n<li>Czym jest PIT-2?<\/li>\n<li>Co PIT-2 daje podatnikowi?<\/li>\n<li>Kto sk\u0142ada PIT-2 w 2022 r a Kto w 2023?<\/li>\n<li>Kiedy sk\u0142ada si\u0119 PIT-2?<\/li>\n<li>Co si\u0119 stanie, kiedy PIT-2 nie zostanie z\u0142o\u017cony?<\/li>\n<li>Kiedy nale\u017cy wycofa\u0107 PIT-2?<\/li>\n<li>PIT-2 2021 &#8211; PIT 2 2022 \u2013 PIT 2 2023 \u2013 podsumowanie zmian<\/li>\n<li>Kwota wolna i nowa zredukowana stawka podatkowa &#8211; wp\u0142yw na now\u0105 kwot\u0119 zmniejszaj\u0105c\u0105 od 1 lipca 2022<\/li>\n<li>Zasady stosowania nowej kwoty zmniejszaj\u0105cej podatek w 2022r<\/li>\n<li>Czy PiT 2 mo\u017ce by\u0107 sk\u0142adane w trakcie roku kalendarzowego?<\/li>\n<li>Czy PIT-2 nale\u017cy sk\u0142ada\u0107 p\u0142atnikowi co roku?<\/li>\n<li>Pracownik-emeryt lub rencista a PIT-2<\/li>\n<li>Zmiany w PIT-2 od 1 stycznia 2023. Zasady stosowania nowej kwoty zmniejszaj\u0105cej podatek w 2023r.<\/li>\n<li>Prawo podatnika do swobodniej decyzji o zastosowaniu kwoty wolnej przez danego p\u0142atnika.<\/li>\n<li>Prawo podatnika do wskazania do trzech p\u0142atnik\u00f3w, kt\u00f3rzy mog\u0105 zastosowa\u0107 kwot\u0119 zmniejszaj\u0105c\u0105 podatek.<\/li>\n<li>Nowe zasady sk\u0142adania o\u015bwiadcze\u0144 o zastosowaniu kwoty zmniejszaj\u0105cej podatek.<\/li>\n<li>Kto jeszcze b\u0119dzie m\u00f3g\u0142 zastosowa\u0107 kwot\u0119 zmniejszaj\u0105c\u0105 podatek od 2023 r?<\/li>\n<li>Zasady sk\u0142adania o\u015bwiadcze\u0144 i wniosk\u00f3w od 1 stycznia 2023r.<\/li>\n<\/ul>\n","protected":false},"excerpt":{"rendered":"<p>This is a simple, virtual product.<\/p>\n<p>Szkolenie PIT 2<\/p>\n<p>Opis<\/p>\n<p>Album reviewed and chosen by Woo.<\/p>\n","protected":false},"featured_media":1303,"template":"","meta":{"site-sidebar-layout":"default","site-content-layout":"default","ast-global-header-display":"","ast-main-header-display":"","ast-hfb-above-header-display":"","ast-hfb-below-header-display":"","ast-hfb-mobile-header-display":"","site-post-title":"","ast-breadcrumbs-content":"","ast-featured-img":"","footer-sml-layout":"","theme-transparent-header-meta":"default","adv-header-id-meta":"","stick-header-meta":"","header-above-stick-meta":"","header-main-stick-meta":"","header-below-stick-meta":""},"product_cat":[24],"product_tag":[],"_links":{"self":[{"href":"https:\/\/positivity-consulting.pl\/index.php\/wp-json\/wp\/v2\/product\/1484"}],"collection":[{"href":"https:\/\/positivity-consulting.pl\/index.php\/wp-json\/wp\/v2\/product"}],"about":[{"href":"https:\/\/positivity-consulting.pl\/index.php\/wp-json\/wp\/v2\/types\/product"}],"wp:featuredmedia":[{"embeddable":true,"href":"https:\/\/positivity-consulting.pl\/index.php\/wp-json\/wp\/v2\/media\/1303"}],"wp:attachment":[{"href":"https:\/\/positivity-consulting.pl\/index.php\/wp-json\/wp\/v2\/media?parent=1484"}],"wp:term":[{"taxonomy":"product_cat","embeddable":true,"href":"https:\/\/positivity-consulting.pl\/index.php\/wp-json\/wp\/v2\/product_cat?post=1484"},{"taxonomy":"product_tag","embeddable":true,"href":"https:\/\/positivity-consulting.pl\/index.php\/wp-json\/wp\/v2\/product_tag?post=1484"}],"curies":[{"name":"wp","href":"https:\/\/api.w.org\/{rel}","templated":true}]}}